 what is 31 + -213133132?
-213133101
In base 10, what is 4055 + 2219?
6274
In base 4, what is 203033 + -101220222?
-101011123
In base 9, what is -7 - 5833003?
-5833011
In base 7, what is -113641 + -551?
-114522
In base 4, what is 11013211232 + 301?
11013212133
In base 16, what is 4a + -14a6d?
-14a23
In base 14, what is 97cd77 - -3d?
97cdb6
In base 15, what is 23c + -20ae?
-1d72
In base 16, what is 64d6 + -5d1?
5f05
In base 15, what is b8216b - -9?
b82175
In base 12, what is -153984135 - -2?
-153984133
In base 14, what is -15cd554 - -2d?
-15cd525
In base 5, what is -13031 + 242142034?
242124003
In base 13, what is -21 - -125959?
125938
In base 10, what is -4989279 + 18?
-4989261
In base 14, what is 600452 + 6?
600458
In base 9, what is 3 - 3651604?
-3651601
In base 12, what is 407b + 61?
4120
In base 8, what is 577017361 + 5?
577017366
In base 13, what is -427ca1 - -2?
-427c9c
In base 16, what is -d82eb + 20?
-d82cb
In base 6, what is -205 + -312530554?
-312531203
In base 8, what is -1375252 - 72?
-1375344
In base 6, what is 0 + 225335540?
225335540
In base 12, what is 12757024 + 1?
12757025
In base 11, what is -566582 - -5a?
-566523
In base 4, what is -12303 - -200331?
122022
In base 9, what is -2643 - -338002?
335248
In base 7, what is -356356 - 4063?
-363452
In base 3, what is -221102 + 21022120?
20101011
In base 12, what is -b3 + -a6075?
-a6168
In base 15, what is 2c - -d4d436?
d4d463
In base 5, what is -14014341 + -10014?
-14024410
In base 16, what is -28c - 3cfa8?
-3d234
In base 9, what is -12 - 177878440?
-177878452
In base 3, what is -200100011 - -21200022?
-101122212
In base 11, what is 4 - 29547970?
-29547967
In base 10, what is 64946 + -3402?
61544
In base 3, what is 1000110200120 - 12?
1000110200101
In base 15, what is -25e7 - -1d?
-25c9
In base 8, what is 23073513 - 70?
23073423
In base 7, what is 12100 + 64?
12164
In base 4, what is 1032213303 - 11?
1032213232
In base 3, what is -2112111 + -11001201?
-20121012
In base 3, what is -20 + -20112010012220122?
-20112010012220212
In base 3, what is -10020101002 - 1201000?
-10022002002
In base 4, what is 132022030331302 - 10?
132022030331232
In base 14, what is -5 + -123b5?
-123ba
In base 7, what is 3160 - -45344?
51534
In base 5, what is 32414 + -1231320?
-1143401
In base 15, what is 30de2 + -5bb?
30826
In base 11, what is -15a53083 - 20?
-15a530a3
In base 10, what is -4 - 598478?
-598482
In base 10, what is 635 - 175143?
-174508
In base 12, what is -150884 - 5?
-150889
In base 14, what is -42c1491 - 0?
-42c1491
In base 6, what is -5 + 201032540?
201032531
In base 3, what is 102120 - -21100221000?
21101100120
In base 14, what is 5d30c + 0?
5d30c
In base 13, what is -a - c97312b?
-c973138
In base 16, what is 5e58 + 7f64?
ddbc
In base 6, what is 23215235 - 12?
23215223
In base 7, what is 10 - -2023534520?
2023534530
In base 4, what is -13 + 21312233213?
21312233200
In base 12, what is 11 - -b68b6?
b6907
In base 7, what is -613132 - -4565?
-605234
In base 14, what is -1034d - 9?
-10358
In base 16, what is -4a + fe16?
fdcc
In base 7, what is 16 + -3061641?
-3061622
In base 16, what is -1ae2bd + -2?
-1ae2bf
In base 6, what is 1512513321 - -5?
1512513330
In base 14, what is -101d534 - -5?
-101d52d
In base 5, what is 140 + -32230204?
-32230014
In base 8, what is -755020 + -234?
-755254
In base 15, what is e23 - 15ed?
-6ca
In base 15, what is -2 - -28d2cd8?
28d2cd6
In base 7, what is 23134 - -10423?
33560
In base 9, what is 4 - 107753500?
-107753485
In base 12, what is ab29 - ba12?
-aa5
In base 6, what is 14054 - 4112?
5542
In base 4, what is -111 - -102120022?
102113311
In base 13, what is -5 - -5050105?
5050100
In base 11, what is -37a994 - 69?
-37aa52
In base 4, what is -213 + -22203320222?
-22203321101
In base 14, what is 122338 + 2?
12233a
In base 15, what is 1a46c35 + -5?
1a46c30
In base 12, what is -695 + ba71a?
ba045
In base 7, what is 33 - 554451?
-554415
In base 4, what is -21213320 + -3233323?
-31113303
In base 12, what is -6 + 1118860?
1118856
In base 4, what is -100 + -1303103030200?
-1303103030300
In base 16, what is -21bfb - -b35?
-210c6
In base 5, what is -411 - -12422403?
12421442
In base 13, what is 393 - -18a7c?
19142
In base 11, what is -810a730 + -6?
-810a736
In base 16, what is -18aa45 - 12?
-18aa57
In base 3, what is 10101202002 + 121?
10101202200
In base 8, what is 102205 + 11405?
113612
In base 10, what is 0 - -2272961?
2272961
In base 13, what is -c0 + -65a4?
-6694
In base 15, what is -a + -19a2e47?
-19a2e52
In base 16, what is -7 + -1ffb6?
-1ffbd
In base 5, what is 104301434404 + 3?
104301434412
In base 15, what is -5d749 + -84?
-5d7cd
In base 14, what is a + -271457?
-27144b
In base 14, what is -14655 - 579c?
-1a013
In base 13, what is 2570b + 36?
25744
In base 16, what is -3d799 - -547?
-3d252
In base 7, what is 13163 + -442251?
-426055
In base 6, what is 5 - 312142225?
-312142220
In base 3, what is 222212102110 - -12?
222212102122
In base 16, what is -3 + -3c9232c?
-3c9232f
In base 5, what is -1310113343111 + -2?
-1310113343113
In base 7, what is -1651206 - -654?
-1650222
In base 11, what is -2166 - 17a7?
-3962
In base 7, what is -34044653 + 4?
-34044646
In base 9, what is 27602722 - 4?
27602717
In base 11, what is -7a75a6 + 15?
-7a7591
In base 8, what is -30 + -5540073?
-5540123
In base 16, what is 2741a - a32?
269e8
In base 16, what is -3d7f + 391?
-39ee
In base 16, what is -145ed6 - -27?
-145eaf
In base 3, what is -20001200110 + -20?
-20001200200
In base 5, what is 13141343033 - 3?
13141343030
In base 16, what is 6512c1 - 3a?
651287
In base 8, what is 6765 - -315?
7302
In base 2, what is 1101110 + -1101101010101001?
-1101101000111011
In base 7, what is 50251132 - 4?
50251125
In base 9, what is -144512 + 14?
-144487
In base 4, what is 11202 - 11331223?
-11320021
In base 13, what is -39656 - -89b?
-38a88
In base 8, what is -10263 - 22477?
-32762
In base 3, what is 12 - -110021202122?
110021202211
In base 8, what is -17 - 3770346?
-3770365
In base 15, what is 95 - 4a08?
-4963
In base 16, what is -15 + -197c61?
-197c76
In base 15, what is -7268a58 - 2?
-7268a5a
In base 9, what is -331 + -13128?
-13460
In base 4, what is 32 - -231300?
231332
In base 9, what is 0 - 1511840?
-1511840
In base 13, what is -166 + -a26?
-b8c
In base 7, what is 1 - 666235626?
-666235625
In base 4, what is 13 - 203131021210?
-203131021131
In base 10, what is 4 - -2371533?
2371537
In base 16, what is -129c88 + 5?
-129c83
In base 11, what is -a0369 + -6a?
-a0428
In base 6, what is -11024231004 - 15?
-11024231023
In base 14, what is d2c0 - 74?
d24a
In base 8, what is -6 - 346336445?
-346336453
In base 14, what is 5023d4 + 2?
5023d6
In base 8, what is -4660 - 173647?
-200527
In base 16, what is 4829 + -166?
46c3
In base 8, what is -50 + -312750?
-313020
In base 7, what is -642656 - -51?
-642605
In base 10, what is 35681251 + 31?
35681282
In base 14, what is 1 + -24d869?
-24d868
In base 11, what is -36 - 8015258?
-8015293
In base 6, what is 1 + -4541144022?
-4541144021
In base 10, what is -23140786 + 0?
-23140786
In base 7, what is -33 + -34626551?
-34626614
In base 2, what is -11000110010001 - 10101000000?
-11011011010001
In base 2, what is -11001101111111110100 + 111111?
-11001101111110110101
In base 6, what is 23 - 1105220?
-1105153
In base 8, what is 21060075 + -23?
21060052
In base 14, what is -3245 - 8444?
-b689
In base 8, what is -6 + -4042245?
-4042253
In base 12, what is -1286b6 + 1574?
-127142
In base 3, what is 11111110001 + 120?
11111110121
In base 14, what is -17 + 11a02?
119c9
In base 2, what is -101 + 1010101000010110100001?
1010101000010110011100
In base 7, what is -1215620 + 236?
-1215351
In base 9, what is 637 - -22613?
23351
In base 7, what is -240 + 2124650?
2124410
In base 15, what is -c - -24da01?
24d9e4
In base 2, what is 10 - 1010101011110001111111000?
-1010101011110001111110110
In base 16, what is -a279 - -c2?
-a1b7
In base 11, what is -100299 + 38?
-100261
In base 12, what is -12726520 + -5?
-12726525
In base 14, what is -4 - 3db5cd7?
-3db5cdb
In base 12, what is bb357 + -3a?
bb319
In base 6, what is -553533 - -144?
-553345
In base 14, what is -22 - -12298b8?
1229896
In base 5, what is 24213242401 - -22?
24213242423
In base 16, what is 50 + -1f3274?
-1f3224
In base 1